{"id":249,"date":"2011-01-12T15:16:25","date_gmt":"2011-01-12T14:16:25","guid":{"rendered":"https:\/\/blogg.lnu.se\/musikproduktionsprogrammet\/"},"modified":"2023-01-16T13:19:20","modified_gmt":"2023-01-16T12:19:20","slug":"mup06-vaxjo","status":"publish","type":"page","link":"https:\/\/blogg.lnu.se\/musikproduktionsprogrammet\/mup06-vaxjo\/","title":{"rendered":"MUP06 &#8211; V\u00e4xj\u00f6"},"content":{"rendered":"<table style=\"height: 39px\" border=\"0\" width=\"651\">\n<tbody>\n<tr>\n<td height=\"33\"><\/td>\n<td>\n<div><em><a href=\"mailto:zidjan_86@hotmail.com, cyemp06@student.lnu.se, dennis.ekberg@lbs.se, Gustav@platitude.net, bamse69_@hotmail.com, lars_1977@hotmail.com, malinbrunstedt@yahoo.se, m_kristoffersson@hotmail.com, mattias.stromberg@lnu.se, serpent_coil@hotmail.com, robertstandar@passagen.se, santiago.cambon@skyways.se, tommy.elmgren@hotmail.com, victor_aderman@hotmail.com\">Maila alla i MUP06 V\u00e4xj\u00f6 (de som finns listade med mailadresser)<\/a><\/em><\/div>\n<\/td>\n<\/tr>\n<\/tbody>\n<\/table>\n<table style=\"height: 100%\" border=\"0\" width=\"650\" cellspacing=\"0\" cellpadding=\"0\">\n<tbody>\n<tr valign=\"top\">\n<td>\n<table border=\"0\" cellspacing=\"0\" cellpadding=\"1\">\n<tbody>\n<tr>\n<td valign=\"top\" width=\"104\"><a href=\"https:\/\/blogg.lnu.se\/musikproduktionsprogrammet\/files\/2011\/01\/AlexanderCarlsson.jpg\"><img loading=\"lazy\" decoding=\"async\" class=\"alignnone size-full wp-image-332\" src=\"https:\/\/blogg.lnu.se\/musikproduktionsprogrammet\/files\/2011\/01\/AlexanderCarlsson.jpg\" alt=\"\" width=\"100\" height=\"100\" \/><\/a><\/td>\n<td align=\"left\" valign=\"top\" width=\"544\">\n<p class=\"style3\"><span class=\"style5\"><strong>Alexander Carlsson<\/strong><\/span><\/p>\n<p>&nbsp;<\/p>\n<p><strong>Mobilnummer<\/strong>: 070 4064355<\/td>\n<\/tr>\n<tr>\n<td valign=\"top\" width=\"104\"><a href=\"https:\/\/blogg.lnu.se\/musikproduktionsprogrammet\/files\/2011\/01\/DavidEhrnebo.jpg\"><img loading=\"lazy\" decoding=\"async\" class=\"alignnone size-full wp-image-333\" src=\"https:\/\/blogg.lnu.se\/musikproduktionsprogrammet\/files\/2011\/01\/DavidEhrnebo.jpg\" alt=\"\" width=\"100\" height=\"100\" \/><\/a><\/td>\n<td align=\"left\" valign=\"top\" width=\"544\"><span class=\"style1\"><span class=\"style3\"><span class=\"style5\"><strong>David Ehrnebo<\/strong><\/span><\/span><\/span><\/p>\n<p><span class=\"style1\"><span class=\"style3\"><span class=\"style5\"><strong>Mobilnummer<\/strong>: 0738 016932\u00a0<\/span><\/span><\/span><\/p>\n<p>&nbsp;<\/p>\n<p>&nbsp;<\/p>\n<p>&nbsp;<\/p>\n<p>&nbsp;<\/td>\n<\/tr>\n<tr>\n<td valign=\"top\"><a href=\"https:\/\/blogg.lnu.se\/musikproduktionsprogrammet\/files\/2011\/01\/DennisNilsson.jpg\"><img loading=\"lazy\" decoding=\"async\" class=\"alignnone size-full wp-image-334\" src=\"https:\/\/blogg.lnu.se\/musikproduktionsprogrammet\/files\/2011\/01\/DennisNilsson.jpg\" alt=\"\" width=\"100\" height=\"100\" \/><\/a><\/td>\n<td align=\"left\" valign=\"top\"><span class=\"style1\"><span class=\"style3\"><span class=\"style5\"><strong>Dennis Nilsson<\/strong><\/span><\/span><\/span><\/p>\n<p><span class=\"style1\"><span class=\"style3\"><span class=\"style5\"><strong>Mobilnummer<\/strong>: 070 1440657 \u00a0<\/span><\/span><\/span><\/p>\n<p>&nbsp;<\/p>\n<p>&nbsp;<\/p>\n<p>&nbsp;<\/p>\n<p>&nbsp;<\/td>\n<\/tr>\n<tr>\n<td valign=\"top\"><a href=\"https:\/\/blogg.lnu.se\/musikproduktionsprogrammet\/files\/2011\/01\/Chante.jpg\"><img loading=\"lazy\" decoding=\"async\" class=\"alignnone size-full wp-image-336\" src=\"https:\/\/blogg.lnu.se\/musikproduktionsprogrammet\/files\/2011\/01\/Chante.jpg\" alt=\"\" width=\"100\" height=\"100\" \/><\/a><\/td>\n<td align=\"left\" valign=\"top\"><span class=\"style24\"><span class=\"style10\"><strong>Chante Tekeyan<\/strong><\/span><\/span><\/p>\n<p class=\"style3\"><strong>Mobilnummer<\/strong>: 0709455680<\/p>\n<\/td>\n<\/tr>\n<tr>\n<td valign=\"top\"><\/td>\n<td align=\"left\" valign=\"top\"><\/td>\n<\/tr>\n<tr>\n<td valign=\"top\"><a href=\"https:\/\/blogg.lnu.se\/musikproduktionsprogrammet\/files\/2011\/01\/DennisE.jpg\"><img loading=\"lazy\" decoding=\"async\" class=\"alignnone size-full wp-image-337\" src=\"https:\/\/blogg.lnu.se\/musikproduktionsprogrammet\/files\/2011\/01\/DennisE.jpg\" alt=\"\" width=\"100\" height=\"100\" \/><\/a><\/td>\n<td align=\"left\" valign=\"top\">\n<p class=\"style11\"><strong>Dennis Ekberg<\/strong><\/p>\n<p class=\"style3\"><strong>Mobilnummer<\/strong>: 0736 719163<\/p>\n<\/td>\n<\/tr>\n<tr>\n<td valign=\"top\" width=\"104\"><\/td>\n<td align=\"left\" valign=\"top\" width=\"544\"><\/td>\n<\/tr>\n<tr>\n<td valign=\"top\" width=\"104\"><a href=\"https:\/\/blogg.lnu.se\/musikproduktionsprogrammet\/files\/2011\/01\/Gustav.jpg\"><img loading=\"lazy\" decoding=\"async\" class=\"alignnone size-full wp-image-338\" src=\"https:\/\/blogg.lnu.se\/musikproduktionsprogrammet\/files\/2011\/01\/Gustav.jpg\" alt=\"\" width=\"100\" height=\"100\" \/><\/a><\/td>\n<td align=\"left\" valign=\"top\" width=\"544\">\n<p class=\"style3\"><span class=\"style5\"><strong>Gustav K\u00f6llerstr\u00f6m<\/strong><\/span><\/p>\n<p><strong>Mobilnummer<\/strong>: 073 0674433<\/td>\n<\/tr>\n<tr>\n<td valign=\"top\" width=\"104\"><\/td>\n<td align=\"left\" valign=\"top\" width=\"544\"><\/td>\n<\/tr>\n<tr>\n<td valign=\"top\" width=\"104\"><a href=\"https:\/\/blogg.lnu.se\/musikproduktionsprogrammet\/files\/2011\/01\/JohanL.jpg\"><img loading=\"lazy\" decoding=\"async\" class=\"alignnone size-full wp-image-339\" src=\"https:\/\/blogg.lnu.se\/musikproduktionsprogrammet\/files\/2011\/01\/JohanL.jpg\" alt=\"\" width=\"100\" height=\"100\" \/><\/a><\/td>\n<td align=\"left\" valign=\"top\" width=\"544\">\n<p class=\"style3\"><span class=\"style5\"><strong>Johan Lindstr\u00f6m<\/strong><\/span><\/p>\n<p><strong>Mobilnummer<\/strong>: 070 7454477<\/td>\n<\/tr>\n<tr>\n<td valign=\"top\" width=\"104\"><a href=\"https:\/\/blogg.lnu.se\/musikproduktionsprogrammet\/files\/2011\/01\/JohnHolmes.jpg\"><img loading=\"lazy\" decoding=\"async\" class=\"alignnone size-full wp-image-340\" src=\"https:\/\/blogg.lnu.se\/musikproduktionsprogrammet\/files\/2011\/01\/JohnHolmes.jpg\" alt=\"\" width=\"100\" height=\"100\" \/><\/a><\/td>\n<td align=\"left\" valign=\"top\" width=\"544\">\n<p class=\"style3\"><span class=\"style5\"><strong>John Holmes<\/strong><\/span><\/p>\n<p><strong>Mobilnummer<\/strong>: 0735 254475<\/td>\n<\/tr>\n<tr>\n<td valign=\"top\" width=\"104\" height=\"128\"><a href=\"https:\/\/blogg.lnu.se\/musikproduktionsprogrammet\/files\/2011\/01\/LarsNilsson.jpg\"><img loading=\"lazy\" decoding=\"async\" class=\"alignnone size-full wp-image-341\" src=\"https:\/\/blogg.lnu.se\/musikproduktionsprogrammet\/files\/2011\/01\/LarsNilsson.jpg\" alt=\"\" width=\"100\" height=\"100\" \/><\/a><\/td>\n<td align=\"left\" valign=\"top\" width=\"544\">\n<p class=\"style3\"><span class=\"style5\"><strong>Lars Nilsson<\/strong><\/span><\/p>\n<p><strong>Mobilnummer<\/strong>:0733 409995<\/td>\n<\/tr>\n<tr>\n<td valign=\"top\" width=\"104\"><a href=\"https:\/\/blogg.lnu.se\/musikproduktionsprogrammet\/files\/2011\/01\/MalinB.jpg\"><img loading=\"lazy\" decoding=\"async\" class=\"alignnone size-full wp-image-342\" src=\"https:\/\/blogg.lnu.se\/musikproduktionsprogrammet\/files\/2011\/01\/MalinB.jpg\" alt=\"\" width=\"100\" height=\"100\" \/><\/a><\/td>\n<td align=\"left\" valign=\"top\" width=\"544\">\n<p class=\"style3\"><span class=\"style5\"><strong>Malin Brunstedt<\/strong><\/span><\/p>\n<p><strong>Mobilnummer<\/strong>: 070 2927935<\/td>\n<\/tr>\n<tr>\n<td valign=\"top\" width=\"104\"><a href=\"https:\/\/blogg.lnu.se\/musikproduktionsprogrammet\/files\/2011\/01\/MartinK.jpg\"><img loading=\"lazy\" decoding=\"async\" class=\"alignnone size-full wp-image-343\" src=\"https:\/\/blogg.lnu.se\/musikproduktionsprogrammet\/files\/2011\/01\/MartinK.jpg\" alt=\"\" width=\"100\" height=\"100\" \/><\/a><\/td>\n<td align=\"left\" valign=\"top\" width=\"544\">\n<p class=\"style3\"><span class=\"style5\"><strong>Martin Kristoffersson<\/strong><\/span><\/p>\n<p><span class=\"style1\"><strong>Mobilnummer<\/strong>: 070 2129363<\/span><\/td>\n<\/tr>\n<tr>\n<td valign=\"top\" width=\"104\"><a href=\"https:\/\/blogg.lnu.se\/musikproduktionsprogrammet\/files\/2011\/01\/Mattias.jpg\"><img loading=\"lazy\" decoding=\"async\" class=\"alignnone size-full wp-image-345\" src=\"https:\/\/blogg.lnu.se\/musikproduktionsprogrammet\/files\/2011\/01\/Mattias.jpg\" alt=\"\" width=\"100\" height=\"100\" \/><\/a><\/td>\n<td align=\"left\" valign=\"top\" width=\"544\">\n<p class=\"style3\"><span class=\"style5\"><strong>Mattias Str\u00f6mberg<\/strong><\/span><\/p>\n<p><strong>Mobilnummer<\/strong>: 0739 983189<\/td>\n<\/tr>\n<tr>\n<td valign=\"top\" width=\"104\"><a href=\"https:\/\/blogg.lnu.se\/musikproduktionsprogrammet\/files\/2011\/01\/PatrikP.jpg\"><img loading=\"lazy\" decoding=\"async\" class=\"alignnone size-full wp-image-346\" src=\"https:\/\/blogg.lnu.se\/musikproduktionsprogrammet\/files\/2011\/01\/PatrikP.jpg\" alt=\"\" width=\"100\" height=\"100\" \/><\/a><\/td>\n<td align=\"left\" valign=\"top\" width=\"544\">\n<p class=\"style3\"><span class=\"style5\"><strong>Patrik Persson<\/strong><\/span><\/p>\n<p><strong>Mobilnummer<\/strong>: 0730 987413<\/td>\n<\/tr>\n<tr>\n<td valign=\"top\" width=\"104\"><a href=\"https:\/\/blogg.lnu.se\/musikproduktionsprogrammet\/files\/2011\/01\/RobertS.jpg\"><img loading=\"lazy\" decoding=\"async\" class=\"alignnone size-full wp-image-347\" src=\"https:\/\/blogg.lnu.se\/musikproduktionsprogrammet\/files\/2011\/01\/RobertS.jpg\" alt=\"\" width=\"100\" height=\"100\" \/><\/a><\/td>\n<td align=\"left\" valign=\"top\" width=\"544\">\n<p class=\"style3\"><span class=\"style5\"><strong>Robert Standar<\/strong><\/span><\/p>\n<p><strong>Mobilnummer<\/strong>: 0739 197182<\/td>\n<\/tr>\n<tr>\n<td valign=\"top\" width=\"104\"><a href=\"https:\/\/blogg.lnu.se\/musikproduktionsprogrammet\/files\/2011\/01\/SantiagoC.jpg\"><img loading=\"lazy\" decoding=\"async\" class=\"alignnone size-full wp-image-348\" src=\"https:\/\/blogg.lnu.se\/musikproduktionsprogrammet\/files\/2011\/01\/SantiagoC.jpg\" alt=\"\" width=\"100\" height=\"100\" \/><\/a><\/td>\n<td align=\"left\" valign=\"top\" width=\"544\">\n<p class=\"style5\"><span class=\"style3\"><strong><span class=\"style10\">Santiago Cambon<\/span><\/strong><\/span><\/p>\n<p><strong>Mobilnummer<\/strong>: 070 7772192<\/td>\n<\/tr>\n<tr>\n<td valign=\"top\" width=\"104\"><a href=\"https:\/\/blogg.lnu.se\/musikproduktionsprogrammet\/files\/2011\/01\/TomasS.jpg\"><img loading=\"lazy\" decoding=\"async\" class=\"alignnone size-full wp-image-349\" src=\"https:\/\/blogg.lnu.se\/musikproduktionsprogrammet\/files\/2011\/01\/TomasS.jpg\" alt=\"\" width=\"100\" height=\"100\" \/><\/a><\/td>\n<td align=\"left\" valign=\"top\" width=\"544\">\n<p class=\"style3\"><span class=\"style5\"><strong>Tomas Salonen<\/strong><\/span><\/p>\n<p><strong>Mobilnummer<\/strong>: 073 9131179<\/td>\n<\/tr>\n<tr>\n<td valign=\"top\" width=\"104\"><a href=\"https:\/\/blogg.lnu.se\/musikproduktionsprogrammet\/files\/2011\/01\/TommyE.jpg\"><img loading=\"lazy\" decoding=\"async\" class=\"alignnone size-full wp-image-350\" src=\"https:\/\/blogg.lnu.se\/musikproduktionsprogrammet\/files\/2011\/01\/TommyE.jpg\" alt=\"\" width=\"100\" height=\"100\" \/><\/a><\/td>\n<td align=\"left\" valign=\"top\" width=\"544\">\n<p class=\"style11\"><strong>Tommy Elmgren<\/strong><\/p>\n<p class=\"style3\"><strong>Mobilnummer<\/strong>: 0705511042<\/p>\n<\/td>\n<\/tr>\n<tr>\n<td valign=\"top\"><a href=\"https:\/\/blogg.lnu.se\/musikproduktionsprogrammet\/files\/2011\/01\/Viktor.jpg\"><img loading=\"lazy\" decoding=\"async\" class=\"alignnone size-full wp-image-351\" src=\"https:\/\/blogg.lnu.se\/musikproduktionsprogrammet\/files\/2011\/01\/Viktor.jpg\" alt=\"\" width=\"100\" height=\"100\" \/><\/a><\/td>\n<td align=\"left\" valign=\"top\"><span class=\"style3\"><span class=\"style5\"><strong>Victor \u00c5 Sandin<\/strong><\/span><\/span><\/p>\n<p><span class=\"style3\"><span class=\"style5\"><strong>Mobilnummer<\/strong>: 0709 328865\u00a0<\/span><\/span><\/p>\n<p>&nbsp;<\/p>\n<p>&nbsp;<\/p>\n<p>&nbsp;<\/p>\n<p>&nbsp;<\/td>\n<\/tr>\n<tr>\n<td valign=\"top\"><\/td>\n<td align=\"left\" valign=\"top\"><span class=\"style3\"><span class=\"style5\">\u00a0<\/span><\/span><\/p>\n<p>&nbsp;<\/p>\n<p>&nbsp;<\/p>\n<p>&nbsp;<\/td>\n<\/tr>\n<\/tbody>\n<\/table>\n<div>\n<p>&nbsp;<\/p>\n<p>&nbsp;<\/p>\n<p>&nbsp;<\/p>\n<p>&nbsp;<\/p>\n<\/div>\n<\/td>\n<\/tr>\n<\/tbody>\n<\/table>\n","protected":false},"excerpt":{"rendered":"<p>Maila alla i MUP06 V\u00e4xj\u00f6 (de som finns listade med mailadresser) Alexander Carlsson &nbsp; Mobilnummer: 070 4064355 David Ehrnebo Mobilnummer: 0738 016932\u00a0 &nbsp; &nbsp; &nbsp; &nbsp; Dennis Nilsson Mobilnummer: 070 1440657 \u00a0 &nbsp; &nbsp; &nbsp; &nbsp; Chante Tekeyan Mobilnummer: 0709455680 Dennis Ekberg Mobilnummer: 0736 719163 Gustav K\u00f6llerstr\u00f6m Mobilnummer: 073 0674433 Johan Lindstr\u00f6m Mobilnummer: 070 7454477 [&hellip;]<\/p>\n","protected":false},"author":2029,"featured_media":0,"parent":0,"menu_order":0,"comment_status":"open","ping_status":"open","template":"","meta":{"footnotes":""},"class_list":["post-249","page","type-page","status-publish","hentry"],"acf":[],"yoast_head":"<!-- This site is optimized with the Yoast SEO plugin v21.7 - https:\/\/yoast.com\/wordpress\/plugins\/seo\/ -->\r\n<title>MUP06 - V\u00e4xj\u00f6 - Musikproduktionsprogrammet<\/title>\r\n<meta name=\"robots\" content=\"index, follow, max-snippet:-1, max-image-preview:large, max-video-preview:-1\" \/>\r\n<link rel=\"canonical\" href=\"https:\/\/blogg.lnu.se\/musikproduktionsprogrammet\/mup06-vaxjo\/\" \/>\r\n<meta property=\"og:locale\" content=\"en_US\" \/>\r\n<meta property=\"og:type\" content=\"article\" \/>\r\n<meta property=\"og:title\" content=\"MUP06 - V\u00e4xj\u00f6 - Musikproduktionsprogrammet\" \/>\r\n<meta property=\"og:description\" content=\"Maila alla i MUP06 V\u00e4xj\u00f6 (de som finns listade med mailadresser) Alexander Carlsson &nbsp; Mobilnummer: 070 4064355 David Ehrnebo Mobilnummer: 0738 016932\u00a0 &nbsp; &nbsp; &nbsp; &nbsp; Dennis Nilsson Mobilnummer: 070 1440657 \u00a0 &nbsp; &nbsp; &nbsp; &nbsp; Chante Tekeyan Mobilnummer: 0709455680 Dennis Ekberg Mobilnummer: 0736 719163 Gustav K\u00f6llerstr\u00f6m Mobilnummer: 073 0674433 Johan Lindstr\u00f6m Mobilnummer: 070 7454477 [&hellip;]\" \/>\r\n<meta property=\"og:url\" content=\"https:\/\/blogg.lnu.se\/musikproduktionsprogrammet\/mup06-vaxjo\/\" \/>\r\n<meta property=\"og:site_name\" content=\"Musikproduktionsprogrammet\" \/>\r\n<meta property=\"article:modified_time\" content=\"2023-01-16T12:19:20+00:00\" \/>\r\n<meta property=\"og:image\" content=\"https:\/\/blogg.lnu.se\/musikproduktionsprogrammet\/files\/2011\/01\/AlexanderCarlsson.jpg\" \/>\r\n<meta name=\"twitter:card\" content=\"summary_large_image\" \/>\r\n<meta name=\"twitter:label1\" content=\"Est. reading time\" \/>\n\t<meta name=\"twitter:data1\" content=\"5 minutes\" \/>\r\n<script type=\"application\/ld+json\" class=\"yoast-schema-graph\">{\"@context\":\"https:\/\/schema.org\",\"@graph\":[{\"@type\":\"WebPage\",\"@id\":\"https:\/\/blogg.lnu.se\/musikproduktionsprogrammet\/mup06-vaxjo\/\",\"url\":\"https:\/\/blogg.lnu.se\/musikproduktionsprogrammet\/mup06-vaxjo\/\",\"name\":\"MUP06 - V\u00e4xj\u00f6 - Musikproduktionsprogrammet\",\"isPartOf\":{\"@id\":\"https:\/\/blogg.lnu.se\/musikproduktionsprogrammet\/#website\"},\"datePublished\":\"2011-01-12T14:16:25+00:00\",\"dateModified\":\"2023-01-16T12:19:20+00:00\",\"inLanguage\":\"en-US\",\"potentialAction\":[{\"@type\":\"ReadAction\",\"target\":[\"https:\/\/blogg.lnu.se\/musikproduktionsprogrammet\/mup06-vaxjo\/\"]}]},{\"@type\":\"WebSite\",\"@id\":\"https:\/\/blogg.lnu.se\/musikproduktionsprogrammet\/#website\",\"url\":\"https:\/\/blogg.lnu.se\/musikproduktionsprogrammet\/\",\"name\":\"Musikproduktionsprogrammet\",\"description\":\"\",\"potentialAction\":[{\"@type\":\"SearchAction\",\"target\":{\"@type\":\"EntryPoint\",\"urlTemplate\":\"https:\/\/blogg.lnu.se\/musikproduktionsprogrammet\/?s={search_term_string}\"},\"query-input\":\"required name=search_term_string\"}],\"inLanguage\":\"en-US\"}]}<\/script>\r\n<!-- \/ Yoast SEO plugin. -->","yoast_head_json":{"title":"MUP06 - V\u00e4xj\u00f6 - Musikproduktionsprogrammet","robots":{"index":"index","follow":"follow","max-snippet":"max-snippet:-1","max-image-preview":"max-image-preview:large","max-video-preview":"max-video-preview:-1"},"canonical":"https:\/\/blogg.lnu.se\/musikproduktionsprogrammet\/mup06-vaxjo\/","og_locale":"en_US","og_type":"article","og_title":"MUP06 - V\u00e4xj\u00f6 - Musikproduktionsprogrammet","og_description":"Maila alla i MUP06 V\u00e4xj\u00f6 (de som finns listade med mailadresser) Alexander Carlsson &nbsp; Mobilnummer: 070 4064355 David Ehrnebo Mobilnummer: 0738 016932\u00a0 &nbsp; &nbsp; &nbsp; &nbsp; Dennis Nilsson Mobilnummer: 070 1440657 \u00a0 &nbsp; &nbsp; &nbsp; &nbsp; Chante Tekeyan Mobilnummer: 0709455680 Dennis Ekberg Mobilnummer: 0736 719163 Gustav K\u00f6llerstr\u00f6m Mobilnummer: 073 0674433 Johan Lindstr\u00f6m Mobilnummer: 070 7454477 [&hellip;]","og_url":"https:\/\/blogg.lnu.se\/musikproduktionsprogrammet\/mup06-vaxjo\/","og_site_name":"Musikproduktionsprogrammet","article_modified_time":"2023-01-16T12:19:20+00:00","og_image":[{"url":"https:\/\/blogg.lnu.se\/musikproduktionsprogrammet\/files\/2011\/01\/AlexanderCarlsson.jpg"}],"twitter_card":"summary_large_image","twitter_misc":{"Est. reading time":"5 minutes"},"schema":{"@context":"https:\/\/schema.org","@graph":[{"@type":"WebPage","@id":"https:\/\/blogg.lnu.se\/musikproduktionsprogrammet\/mup06-vaxjo\/","url":"https:\/\/blogg.lnu.se\/musikproduktionsprogrammet\/mup06-vaxjo\/","name":"MUP06 - V\u00e4xj\u00f6 - Musikproduktionsprogrammet","isPartOf":{"@id":"https:\/\/blogg.lnu.se\/musikproduktionsprogrammet\/#website"},"datePublished":"2011-01-12T14:16:25+00:00","dateModified":"2023-01-16T12:19:20+00:00","inLanguage":"en-US","potentialAction":[{"@type":"ReadAction","target":["https:\/\/blogg.lnu.se\/musikproduktionsprogrammet\/mup06-vaxjo\/"]}]},{"@type":"WebSite","@id":"https:\/\/blogg.lnu.se\/musikproduktionsprogrammet\/#website","url":"https:\/\/blogg.lnu.se\/musikproduktionsprogrammet\/","name":"Musikproduktionsprogrammet","description":"","potentialAction":[{"@type":"SearchAction","target":{"@type":"EntryPoint","urlTemplate":"https:\/\/blogg.lnu.se\/musikproduktionsprogrammet\/?s={search_term_string}"},"query-input":"required name=search_term_string"}],"inLanguage":"en-US"}]}},"_links":{"self":[{"href":"https:\/\/blogg.lnu.se\/musikproduktionsprogrammet\/wp-json\/wp\/v2\/pages\/249","targetHints":{"allow":["GET"]}}],"collection":[{"href":"https:\/\/blogg.lnu.se\/musikproduktionsprogrammet\/wp-json\/wp\/v2\/pages"}],"about":[{"href":"https:\/\/blogg.lnu.se\/musikproduktionsprogrammet\/wp-json\/wp\/v2\/types\/page"}],"author":[{"embeddable":true,"href":"https:\/\/blogg.lnu.se\/musikproduktionsprogrammet\/wp-json\/wp\/v2\/users\/2029"}],"replies":[{"embeddable":true,"href":"https:\/\/blogg.lnu.se\/musikproduktionsprogrammet\/wp-json\/wp\/v2\/comments?post=249"}],"version-history":[{"count":10,"href":"https:\/\/blogg.lnu.se\/musikproduktionsprogrammet\/wp-json\/wp\/v2\/pages\/249\/revisions"}],"predecessor-version":[{"id":1247,"href":"https:\/\/blogg.lnu.se\/musikproduktionsprogrammet\/wp-json\/wp\/v2\/pages\/249\/revisions\/1247"}],"wp:attachment":[{"href":"https:\/\/blogg.lnu.se\/musikproduktionsprogrammet\/wp-json\/wp\/v2\/media?parent=249"}],"curies":[{"name":"wp","href":"https:\/\/api.w.org\/{rel}","templated":true}]}}